or of w and 58.
58
Suppose -39*x = -619597 + 183967. What is the highest common divisor of x and 10?
10
Let u(t) = 4*t**3 + 133*t**2 - 55*t - 124. Let w be u(-28). What is the greatest common factor of 120 and w?
120
Let p be 7/6 + 108731/2058. Suppose -4*o - 3*j = -112, 2*j + 37 = -2*o + 93. Suppose o + 26 = 2*z. What is the greatest common factor of z and p?
27
Let d be 2/(-4)*(-31 - (8 - 11)). Suppose -18*i + 144 = -d*i. What is the highest common divisor of 4 and i?
4
Suppose -4*p + 120 = -x, -3*p + 4*p - 17 = -3*x. Let q = p + 28. Let s be -19*((-7 - -2) + 4). Calculate the highest common divisor of q and s.
19
Let l(y) be the second derivative of -y**5/20 - 5*y**4/12 + 13*y. Let t be l(-5). Let p be 7 - (t + 4) - -2. Calculate the highest common factor of 45 and p.
5
Let t(w) = 15*w**2 + 161*w - 8. Let l be t(-11). Suppose -2*c + 228 = l*c. Calculate the greatest common factor of c and 114.
6
Let q(x) = x**2 + 76*x - 2384. Let k be q(24). Calculate the highest common factor of k and 1616.
16
Let z be ((-1868)/(-12) - -3)/(1*(-3)/(-9)). Calculate the greatest common divisor of z and 42.
14
Suppose 3*a + 2*s - 111 = 0, 0*s + 5*s = -2*a + 85. Let w(b) = -b**2 - 8*b + 8. Let j be w(-7). What is the highest common divisor of j and a?
5
Suppose -z = -0*z - 10. Let v = -366 - 292. Let g = v + 858. What is the highest common divisor of g and z?
10
Let l = -2110 + 2142. What is the highest common factor of l and 1504?
32
Let b = 5 + -2. Suppose 21*z + 113 = 29. Let m be 18/z*52/(-78). Calculate the highest common divisor of m and b.
3
Let g be 3*(9 - 0)*1. Let o(w) = -29*w - 6406. Let h be o(-221). Calculate the greatest common factor of h and g.
3
Let b be (-1428866)/(-518) + 76/(-14) + 5. Calculate the highest common factor of b and 224.
14
Suppose 6*v - 5*z - 75 = 97, 0 = -3*v - 4*z + 73. What is the greatest common factor of v and 153?
9
Suppose 0*j - 5*j = -150. Suppose -129*p + 132*p - 15 = 0. Suppose -a - 11*q = -15*q - 14, 170 = 5*a + p*q. What is the greatest common divisor of a and j?
30
Let w(l) = 4*l**3 - 84*l + 5. Let p be w(4). Suppose 73 = -2*q + 13. Let z be (-2335)/p + 4 - (-4)/q. What is the greatest common divisor of 14 and z?
7
Let z(h) = -6*h**2 + 0*h**2 + 5*h**2 - 1 + 2. Let p be z(0). Let n be 18 + -5 + 3 + p. What is the greatest common divisor of 136 and n?
17
Let a be -4 - 442/(-10) - 1/5. Let d be ((-424)/(-265))/(4/90). Calculate the greatest common divisor of d and a.
4
Let h be 8/((-48)/(-42)) - (-2 - -1). Suppose p = o - 1835, -o - h*p = -6*p - 1832. Calculate the highest common factor of 14 and o.
14
Suppose 8 = 4*b, -6*b + 8*b = 3*s - 17. Suppose s*h - 13*h + 12 = 0. What is the greatest common divisor of h and 6?
2
Let s be (3 - 488432/(-63)) + 3/27. What is the highest common divisor of s and 28?
28
Let j = 10657 + -6317. Calculate the greatest common divisor of j and 31.
31
Let x = 12911 - 12863. Let q(t) = -13*t - 8. Let n be q(-8). Calculate the greatest common divisor of n and x.
48
Let w be (213/3)/(((156/(-8))/13)/(-6)). Calculate the greatest common divisor of w and 71.
71
Let c = -157 - -160. Let k be (-20)/c*10/(20/(-3)). What is the highest common factor of k and 35?
5
Let n = 10583 + -10375. Calculate the highest common divisor of n and 1378.
26
Let i be (((-196)/20)/7)/(2/(-10)). Let b(q) = q + 12. Let r be b(-5). Suppose 41*x + r = 42*x. Calculate the greatest common divisor of i and x.
7
Suppose -18*x + 21*x - 291 = 0. Let z = x + -107. Let g be (-21)/1*(-3 + z/15). What is the highest common factor of g and 7?
7
Let n be (-23 - -22)/((-2)/20). Let d be 565/n + 6/4. What is the greatest common divisor of d and 464?
58
Let n(g) = 6*g + 11. Let z be n(-1). Suppose -2*o - 5*i + 864 = 0, 5*o - z*i - 2160 = -6*i. Calculate the highest common divisor of 27 and o.
27
Let k be 19*(35 - 3)/1. Suppose 5*z + i = 2878, -k + 1762 = 2*z - i. What is the greatest common factor of z and 64?
64
Let i be 6/18 - (-22)/6. Suppose -5*s - 763 = -7*u + 3*u, 4*u + i*s = 736. Calculate the greatest common factor of u and 17.
17
Let m be 10/55 - ((-31)/11 + 0). Suppose 11*x = 8*x + w + 85, 3*x = m*w + 87. Calculate the highest common divisor of x and 161.
7
Let l = -19 + 30. Let b be -3 + 0 + l + 4/(-1). Suppose -b*t - 2 = -70. What is the highest common factor of t and 136?
17
Let x(h) = 58*h - 1548. Let q be x(34). Calculate the greatest common factor of 318 and q.
106
Let f be -1*(-40)/5*-1. Let o(i) = 17*i**2 + 11*i - 4. Let v be o(f). Calculate the greatest common factor of 12 and v.
12
Suppose 2*o - 3*b = 989, -4*o + 1958 = -2*b - 0*b. Let m = o + -188. What is the greatest common divisor of 39 and m?
13
Suppose 0 = -4*l - 2*a + 906, 3*a - 1135 = 85*l - 90*l. Calculate the greatest common divisor of 128 and l.
32
Let f(y) = 40*y**3 + 14*y**2 - 25*y + 9. Let q be f(2). Calculate the highest common divisor of 4087 and q.
67
Let g(q) = 4*q**2 - 2*q + 2. Let x be g(3). Let y be (-9)/5*1/(3/(-35)). Suppose 2160 = y*f + 6*f. What is the highest common divisor of x and f?
16
Suppose 8 = -r - 2*m, -4*r - 2*m + 1 = 3. Suppose -f + 0*f + r = 0. Suppose 0 = -v + 1, 2*v - 26 = -2*u - f*u. Calculate the highest common divisor of u and 2.
2
Let g = 4691 + -2687. Suppose -g = -8*u - 276. What is the greatest common divisor of 8 and u?
8
Let a(o) = 9*o**2 + 3*o - 2. Suppose -3*x - 2*s + 2 = -14, 5*x - 5*s = -15. Let r be a(x). Calculate the highest common divisor of 25 and r.
5
Let t = 9876 + -3834. Calculate the greatest common divisor of t and 1272.
318
Let a(n) = n**2 + 3*n**2 + 2*n + 0*n**2 + 1 - 2*n**2. Let q be a(-5). Suppose 4*k - 182 = 1294. What is the highest common factor of q and k?
41
Suppose -121*d + 119*d = -9870. Suppose -29*j = 1426 - d. Calculate the greatest common factor of 33 and j.
11
Let w(b) = -37*b - 799. Let v be w(-28). What is the highest common divisor of 790 and v?
79
Let u be -37 + 4 - -4 - 1. Let n = u + 46. Suppose -2*d - 15*d = -2992. What is the greatest common factor of d and n?
16
Let f = -16 + 29. Suppose v + 3*q = -2*v, -3*v + 5*q = -16. Let w be -5*(260/(-25))/v. Calculate the greatest common divisor of f and w.
13
Let w(j) = -j**3 + 2. Let v be w(2). Let o be (4 + -1)*(-10)/v. Suppose -4*s = o*q - 46, s + 5*q - 6 + 2 = 0. What is the highest common divisor of s and 112?
14
Suppose 2*t = -3*w + 1205, -6*w + 2*t + 1630 = -2*w. Calculate the highest common factor of 45 and w.
45
Let p(c) = 2*c**2 - 2*c + 4. Let s be p(2). Suppose -3*v - 444 = -8*v + 4*w, -5*w = -4*v + 357. Calculate the greatest common divisor of v and s.
8
Suppose -108*u = -113*u + 10825. Suppose -15*n + u = -265. What is the greatest common factor of 36 and n?
18
Let o be 70/(-56)*(-44)/5. Let z = 574 + -398. Calculate the highest common divisor of z and o.
11
Let d = 455 - 263. Let m be 144 - (((-170)/17)/(-5) - 2). What is the highest common factor of m and d?
48
Let y be 36/630 - 5605584/(-280). What is the greatest common factor of 28 and y?
28
Let o(n) = 42*n + 351. Let a be o(-4). Calculate the greatest common factor of 1403 and a.
61
Let h be ((-24)/14)/(69/(-8694)). Suppose 0 = 326*k - 334*k + h. Calculate the highest common divisor of k and 1593.
27
Let x be 384 + 2*2/4. Let m(d) = d**2 - 31*d + 65. Let n = 214 + -184. Let o be m(n). What is the greatest common factor of x and o?
35
Suppose -c + 13 + 9 = -4*o, c - 18 = 5*o. Suppose -d = h - 58, 4*d - c = -h - d. What is the highest common divisor of 27 and h?
9
Let z be (105/(-63))/((-10)/6). Suppose 3*l = -3*k + 51, -k + 22 = -2*l - z. Calculate the highest common divisor of 209 and k.
19
Let i be (-404)/18*270/(-60). Calculate the greatest common factor of i and 4.
1
Let x be 4/26 + (-7248)/(-208). Let z = x - 17. Let r = -49 - -211. Calculate the highest common divisor of r and z.
18
Let i = -75398 + 75404. Let v = 243 + 141. What is the greatest common factor of v and i?
6
Let x(j) = -4*j + 84. Let n be x(21). Suppose z + 146 - 194 = n. What is the highest common divisor of 15 and z?
3
Let f be 0 - (48 + -2)/(-2). Let p = 44 - 17. Let w(c) = -2*c**2 + 60*c - 1. Let t be w(p). Calculate the highest common factor of f and t.
23
Let v(r) = -r**3 - 8*r**2 - 11*r - 13. Let g be v(-8). Suppose 4*a - 66 = -8*c + 10*c, 4*c = 5*a - g. What is the highest common factor 